{"id":4220,"date":"2021-02-01T18:19:33","date_gmt":"2021-02-01T18:19:33","guid":{"rendered":"https:\/\/www.autosvalls.com\/?page_id=4220"},"modified":"2021-02-01T18:19:33","modified_gmt":"2021-02-01T18:19:33","slug":"venta-vehiculo-ocasion","status":"publish","type":"page","link":"https:\/\/www.autosvalls.com\/pt\/venta-vehiculo-ocasion\/","title":{"rendered":"Venta Veh\u00edculos Ocasi\u00f3n"},"content":{"rendered":"<div class=\"wpb-content-wrapper\">[vc_row][vc_column][vc_column_text]<u><\/u>\n<h1><strong>Autos Valls <\/strong>Venta Veh\u00edculos Ocasi\u00f3n<\/h1>\n&nbsp;\n<h1><\/h1>\n[\/vc_column_text][vc_column_text]\n<div class=\"vc_column-inner\">\n<div class=\"vc_column-inner\">\n<div class=\"vc_column-inner\">\n<div class=\"wpb_column vc_column_container vc_col-sm-4\">\n<div class=\"vc_column-inner\">\n<div class=\"wpb_wrapper\">\n<div class=\"wpb_single_image wpb_content_element vc_align_center how-it-works-images\">\n<figure class=\"wpb_wrapper vc_figure\">\n<div class=\"vc_single_image-wrapper vc_box_border_grey\"><\/div><\/figure>\n<\/div>\n<h4 class=\"vc_custom_heading\">Tenemos el mejor coche y las mejores condiciones para ti.<\/h4>\nElige el\u00a0 coche que m\u00e1s se adapte a tus necesidades y si no lo tenemos te lo buscamos en nuestros concesionarios de Mallorca.\n\n<\/div>\n<\/div>\n<\/div>\n<div class=\"wpb_column vc_column_container vc_col-sm-4\">\n<div class=\"vc_column-inner\">\n<div class=\"wpb_wrapper\">\n<div class=\"wpb_single_image wpb_content_element vc_align_center how-it-works-images\">\n<figure class=\"wpb_wrapper vc_figure\">\n<div class=\"vc_single_image-wrapper vc_box_border_grey\"><\/div><\/figure>\n<\/div>\n<h4 class=\"vc_custom_heading\">Financiaci\u00f3n a Medida<\/h4>\n<div class=\"wpb_text_column wpb_content_element post-formatting \">\n<div class=\"wpb_wrapper\">\n\nTe financiamos el coche que elijas hasta 9 a\u00f1os pag\u00e1ndolo con c\u00f3modas y peque\u00f1as cuotas desde 80\u20ac mensuales, simplemente elija la forma de pago mas que se adapte a tus necesidades.\n\n<\/div>\n<\/div>\n<\/div>\n<\/div>\n<\/div>\n<div class=\"wpb_column vc_column_container vc_col-sm-4\">\n<div class=\"vc_column-inner\">\n<div class=\"wpb_wrapper\">\n<div class=\"wpb_single_image wpb_content_element vc_align_center how-it-works-images\">\n<figure class=\"wpb_wrapper vc_figure\">\n<div class=\"vc_single_image-wrapper vc_box_border_grey\"><\/div><\/figure>\n<\/div>\n<h4 class=\"vc_custom_heading\">Elije coches que siempre hab\u00edas so\u00f1ado y si no le gusta le cambiamos<\/h4>\n<div class=\"wpb_text_column wpb_content_element post-formatting \">\n<div class=\"wpb_wrapper\">\n\nEl precio que ve es el precio que paga; y si cansas de tu coche o te gustar\u00eda renovarlo cada cierto tiempo te lo recompramos y elijes otro\u2026\n\n&nbsp;\n\n<\/div>\n<\/div>\n<\/div>\n<\/div>\n<\/div>\n[\/vc_column_text][\/vc_column][\/vc_row][vc_row][vc_column width=&#8221;1\/3&#8243;][vc_single_image image=&#8221;34288&#8243; img_size=&#8221;medium&#8221;][\/vc_column][vc_column width=&#8221;1\/3&#8243;][vc_single_image image=&#8221;34287&#8243; img_size=&#8221;medium&#8221;][\/vc_column][vc_column width=&#8221;1\/3&#8243;][vc_single_image image=&#8221;20897&#8243; img_size=&#8221;medium&#8221;][\/vc_column][\/vc_row][vc_row][vc_column][vc_column_text]Autos Valls Ocasi\u00f3n es una\u00a0<em><strong>empresa<\/strong><\/em>\u00a0l\u00edder en el sector automovil\u00edstico con 30 a\u00f1os de experiencia en alquiler y\u00a0<em><strong>venta<\/strong><\/em>\u00a0de\u00a0<strong>veh\u00edculos<\/strong>, Somos una empresa especializada en la venta de veh\u00edculos seminuevos y usados, Km0 procedentes de empresa y direcci\u00f3n, as\u00ed como empresas alquiler de coches y furgonetas.[\/vc_column_text][\/vc_column][\/vc_row][vc_row][vc_column][\/vc_column][\/vc_row][vc_row][vc_column][vc_column_text]\n\n<\/div>\n<\/div>\n<\/div>\n[\/vc_column_text][\/vc_column][\/vc_row]<\/div>","protected":false},"excerpt":{"rendered":"[vc_row][vc_column][vc_column_text] Autos Valls Venta Veh\u00edculos Ocasi\u00f3n &nbsp; [\/vc_column_text][vc_column_text] Tenemos el mejor coche y las mejores condiciones para ti. Elige el\u00a0 coche que m\u00e1s se adapte a tus necesidades y si no lo tenemos te lo buscamos en nuestros concesionarios de Mallorca. Financiaci\u00f3n a Medida Te financiamos el coche que elijas hasta 9 a\u00f1os pag\u00e1ndolo con [&hellip;]","protected":false},"author":1,"featured_media":5077,"parent":0,"menu_order":0,"comment_status":"closed","ping_status":"closed","template":"","meta":{"footnotes":""},"class_list":["post-4220","page","type-page","status-publish","has-post-thumbnail","hentry"],"_links":{"self":[{"href":"https:\/\/www.autosvalls.com\/pt\/wp-json\/wp\/v2\/pages\/4220","targetHints":{"allow":["GET"]}}],"collection":[{"href":"https:\/\/www.autosvalls.com\/pt\/wp-json\/wp\/v2\/pages"}],"about":[{"href":"https:\/\/www.autosvalls.com\/pt\/wp-json\/wp\/v2\/types\/page"}],"author":[{"embeddable":true,"href":"https:\/\/www.autosvalls.com\/pt\/wp-json\/wp\/v2\/users\/1"}],"replies":[{"embeddable":true,"href":"https:\/\/www.autosvalls.com\/pt\/wp-json\/wp\/v2\/comments?post=4220"}],"version-history":[{"count":0,"href":"https:\/\/www.autosvalls.com\/pt\/wp-json\/wp\/v2\/pages\/4220\/revisions"}],"wp:featuredmedia":[{"embeddable":true,"href":"https:\/\/www.autosvalls.com\/pt\/wp-json\/wp\/v2\/media\/5077"}],"wp:attachment":[{"href":"https:\/\/www.autosvalls.com\/pt\/wp-json\/wp\/v2\/media?parent=4220"}],"curies":[{"name":"wp","href":"https:\/\/api.w.org\/{rel}","templated":true}]}}

Venta Vehículos Ocasión

<div class="wpb-content-wrapper">[vc_row][vc_column][vc_column_text]<u></u>
<h1><strong>Autos Valls </strong>Venta Vehículos Ocasión</h1>
&nbsp;
<h1></h1>
[/vc_column_text][vc_column_text]
<div class="vc_column-inner">
<div class="vc_column-inner">
<div class="vc_column-inner">
<div class="wpb_column vc_column_container vc_col-sm-4">
<div class="vc_column-inner">
<div class="wpb_wrapper">
<div class="wpb_single_image wpb_content_element vc_align_center how-it-works-images">
<figure class="wpb_wrapper vc_figure">
<div class="vc_single_image-wrapper vc_box_border_grey"></div></figure>
</div>
<h4 class="vc_custom_heading">Tenemos el mejor coche y las mejores condiciones para ti.</h4>
Elige el  coche que más se adapte a tus necesidades y si no lo tenemos te lo buscamos en nuestros concesionarios de Mallorca.

</div>
</div>
</div>
<div class="wpb_column vc_column_container vc_col-sm-4">
<div class="vc_column-inner">
<div class="wpb_wrapper">
<div class="wpb_single_image wpb_content_element vc_align_center how-it-works-images">
<figure class="wpb_wrapper vc_figure">
<div class="vc_single_image-wrapper vc_box_border_grey"></div></figure>
</div>
<h4 class="vc_custom_heading">Financiación a Medida</h4>
<div class="wpb_text_column wpb_content_element post-formatting ">
<div class="wpb_wrapper">

Te financiamos el coche que elijas hasta 9 años pagándolo con cómodas y pequeñas cuotas desde 80€ mensuales, simplemente elija la forma de pago mas que se adapte a tus necesidades.

</div>
</div>
</div>
</div>
</div>
<div class="wpb_column vc_column_container vc_col-sm-4">
<div class="vc_column-inner">
<div class="wpb_wrapper">
<div class="wpb_single_image wpb_content_element vc_align_center how-it-works-images">
<figure class="wpb_wrapper vc_figure">
<div class="vc_single_image-wrapper vc_box_border_grey"></div></figure>
</div>
<h4 class="vc_custom_heading">Elije coches que siempre habías soñado y si no le gusta le cambiamos</h4>
<div class="wpb_text_column wpb_content_element post-formatting ">
<div class="wpb_wrapper">

El precio que ve es el precio que paga; y si cansas de tu coche o te gustaría renovarlo cada cierto tiempo te lo recompramos y elijes otro…

&nbsp;

</div>
</div>
</div>
</div>
</div>
[/vc_column_text][/vc_column][/vc_row][vc_row][vc_column width=&#8221;1/3&#8243;][vc_single_image image=&#8221;34288&#8243; img_size=&#8221;medium&#8221;][/vc_column][vc_column width=&#8221;1/3&#8243;][vc_single_image image=&#8221;34287&#8243; img_size=&#8221;medium&#8221;][/vc_column][vc_column width=&#8221;1/3&#8243;][vc_single_image image=&#8221;20897&#8243; img_size=&#8221;medium&#8221;][/vc_column][/vc_row][vc_row][vc_column][vc_column_text]Autos Valls Ocasión es una <em><strong>empresa</strong></em> líder en el sector automovilístico con 30 años de experiencia en alquiler y <em><strong>venta</strong></em> de <strong>vehículos</strong>, Somos una empresa especializada en la venta de vehículos seminuevos y usados, Km0 procedentes de empresa y dirección, así como empresas alquiler de coches y furgonetas.[/vc_column_text][/vc_column][/vc_row][vc_row][vc_column][/vc_column][/vc_row][vc_row][vc_column][vc_column_text]

</div>
</div>
</div>
[/vc_column_text][/vc_column][/vc_row]</div>

[vc_row][vc_column][vc_column_text] Autos Valls Venta Vehículos Ocasión &nbsp; [/vc_column_text][vc_column_text] Tenemos el mejor coche y las mejores condiciones para ti. Elige el  coche que más se adapte a tus necesidades y si no lo tenemos te lo buscamos en nuestros concesionarios de Mallorca. Financiación a Medida Te financiamos el coche que elijas hasta 9 años pagándolo con [&hellip;]
